{"id":9669,"date":"2022-06-28T11:48:23","date_gmt":"2022-06-28T08:48:23","guid":{"rendered":"https:\/\/sarimet.com\/de\/?page_id=9669"},"modified":"2022-10-04T12:59:54","modified_gmt":"2022-10-04T09:59:54","slug":"nachricht-vom-generaldirektor","status":"publish","type":"page","link":"https:\/\/sarimet.com\/de\/nachricht-vom-generaldirektor\/","title":{"rendered":"Nachricht vom Generaldirektor"},"content":{"rendered":"<section class=\"l-section wpb_row height_small\"><div class=\"l-section-h i-cf\"><div class=\"g-cols vc_row via_grid cols_1 laptops-cols_inherit tablets-cols_inherit mobiles-cols_1 valign_top type_default stacking_default\"><div class=\"wpb_column vc_column_container\"><div class=\"vc_column-inner\"><div class=\"g-cols wpb_row via_grid cols_1-3 laptops-cols_inherit tablets-cols_inherit mobiles-cols_1 valign_top type_default stacking_default\"><div class=\"wpb_column vc_column_container\"><div class=\"vc_column-inner\"><div class=\"w-image style_shadow-1 align_none\"><div class=\"w-image-h\"><img loading=\"lazy\" decoding=\"async\" width=\"1707\" height=\"2560\" src=\"https:\/\/sarimet.com\/de\/wp-content\/uploads\/2022\/07\/genel-mudur-scaled.jpg\" class=\"attachment-full size-full\" alt=\"\" srcset=\"https:\/\/sarimet.com\/de\/wp-content\/uploads\/2022\/07\/genel-mudur-scaled.jpg 1707w, https:\/\/sarimet.com\/de\/wp-content\/uploads\/2022\/07\/genel-mudur-200x300.jpg 200w, https:\/\/sarimet.com\/de\/wp-content\/uploads\/2022\/07\/genel-mudur-683x1024.jpg 683w, https:\/\/sarimet.com\/de\/wp-content\/uploads\/2022\/07\/genel-mudur-1024x1536.jpg 1024w\" sizes=\"auto, (max-width: 1707px) 100vw, 1707px\" \/><\/div><\/div><\/div><\/div><div class=\"wpb_column vc_column_container\"><div class=\"vc_column-inner\"><div class=\"wpb_text_column us_custom_a518f36e us_animate_this\"><div class=\"wpb_wrapper\"><p>Liebe Gesch\u00e4ftspartner, liebe Freunde und Mitarbeiter,<\/p>\n<p>Wie Sie wissen, feiern wir als Familie Sar\u0131met dieses Jahr unser 25-j\u00e4hriges Bestehen. Wenn ich mit einem Wort den Grund f\u00fcr den Erfolg, den wir in diesen 25 Jahren die wir hinter uns lassen erzielt haben, erkl\u00e4ren m\u00fcsste, w\u00e4re das Wort definitiv \u201eQualit\u00e4t\u201c. Unser Qualit\u00e4tsverst\u00e4ndnis, das wir nicht nur unter \u201eProduktqualit\u00e4t\u201c verstehen, bildet die starke Basis der langj\u00e4hrigen Zusammenarbeit mit unseren Kunden, Lieferanten und Mitarbeitern.<\/p>\n<p>Im Bewusstsein, dass Erfolg mit einem kollektiven Sinn f\u00fcr Mehrwert erreicht werden kann, setzen wir uns sehr anspruchsvolle Ziele, die Innovation und Kundenzufriedenheit in den Mittelpunkt stellen. Von Zeit zu Zeit k\u00f6nnen Engp\u00e4sse auf globaler Ebene unsere Ziele an einen Punkt bringen, der noch schwieriger zu erreichen ist. Ich bin mir jedoch bewusst, dass wir diese Schwierigkeiten gemeinsam mit Inteligenz und Vernuft \u00fcberwinden k\u00f6nnen, egal welchen Schwierigkeiten wir gegen\u00fcberstehen.<\/p>\n<p>Ich glaube, dass diese herausfordernden Ziele, die wir uns gesetzt haben, erm\u00f6glichen das Wachsen, sowohl f\u00fcr Sar\u0131met als auch f\u00fcr unser Land , und schaffen auch Zufriedenheit f\u00fcr unsere Gesch\u00e4ftspartner.<\/p>\n<p>Ich bin fest davon \u00fcberzeugt, dass wir auf diesem Weg, den wir fortsetzen werden, indem wir unsere Gr\u00fcndung Grunds\u00e4tze und etische Werte nicht aufgeben, fortschrittliche Technologiel\u00f6sungen im Einklang mit Digitalisierungstrends verfolgen, unser Wissen und unsere Erfahrung miteinander austauschen und unsere Entwicklungsdynamik gemeinsam mit allen unseren Konsorten st\u00e4rken werden.<\/p>\n<p>Was uns die Zukunft zeigen wird ist vielleicht nicht klar. Aber was mir sicher ist, dass jeder von uns einer der Helden dieser Erfolgsgeschichte sein wird, auf die wir in der Zukunft stolz sein werden, indem wir viel aufmerksamer und aufopferungsvoller zusammenarbeiten.<\/p>\n<p>Ich biete Ihnen allen meinen Respekt, meine Gr\u00fc\u00dfe und meine Liebe.<\/p>\n<p style=\"text-align: right;\"><strong>B.Bar\u0131\u015f Sar\u0131<\/strong><br \/>\n<strong>Generaldirektor<\/strong><\/p>\n<\/div><\/div><\/div><\/div><\/div><\/div><\/div><\/div><\/div><\/section>\n","protected":false},"excerpt":{"rendered":"Liebe Gesch\u00e4ftspartner, liebe Freunde und Mitarbeiter, Wie Sie wissen, feiern wir als Familie Sar\u0131met dieses Jahr unser 25-j\u00e4hriges Bestehen. Wenn ich mit einem Wort den Grund f\u00fcr den Erfolg, den wir in diesen 25 Jahren die wir hinter uns lassen erzielt haben, erkl\u00e4ren m\u00fcsste, w\u00e4re das Wort definitiv \u201eQualit\u00e4t\u201c. Unser Qualit\u00e4tsverst\u00e4ndnis, das wir nicht nur...","protected":false},"author":1,"featured_media":0,"parent":0,"menu_order":0,"comment_status":"closed","ping_status":"closed","template":"","meta":{"footnotes":""},"class_list":["post-9669","page","type-page","status-publish","hentry"],"acf":[],"yoast_head":"<!-- This site is optimized with the Yoast SEO plugin v19.7.2 - https:\/\/yoast.com\/wordpress\/plugins\/seo\/ -->\n<title>Nachricht vom Generaldirektor | Sar\u0131met<\/title>\n<meta name=\"robots\" content=\"index, follow, max-snippet:-1, max-image-preview:large, max-video-preview:-1\" \/>\n<link rel=\"canonical\" href=\"https:\/\/sarimet.com\/de\/nachricht-vom-generaldirektor\/\" \/>\n<meta property=\"og:locale\" content=\"de_DE\" \/>\n<meta property=\"og:type\" content=\"article\" \/>\n<meta property=\"og:title\" content=\"Nachricht vom Generaldirektor | Sar\u0131met\" \/>\n<meta property=\"og:url\" content=\"https:\/\/sarimet.com\/de\/nachricht-vom-generaldirektor\/\" \/>\n<meta property=\"og:site_name\" content=\"Sar\u0131met\" \/>\n<meta property=\"article:modified_time\" content=\"2022-10-04T09:59:54+00:00\" \/>\n<meta name=\"twitter:card\" content=\"summary_large_image\" \/>\n<meta name=\"twitter:label1\" content=\"Gesch\u00e4tzte Lesezeit\" \/>\n\t<meta name=\"twitter:data1\" content=\"2\u00a0Minuten\" \/>\n<script type=\"application\/ld+json\" class=\"yoast-schema-graph\">{\"@context\":\"https:\/\/schema.org\",\"@graph\":[{\"@type\":\"WebPage\",\"@id\":\"https:\/\/sarimet.com\/de\/nachricht-vom-generaldirektor\/\",\"url\":\"https:\/\/sarimet.com\/de\/nachricht-vom-generaldirektor\/\",\"name\":\"Nachricht vom Generaldirektor | Sar\u0131met\",\"isPartOf\":{\"@id\":\"https:\/\/sarimet.com\/de\/#website\"},\"datePublished\":\"2022-06-28T08:48:23+00:00\",\"dateModified\":\"2022-10-04T09:59:54+00:00\",\"breadcrumb\":{\"@id\":\"https:\/\/sarimet.com\/de\/nachricht-vom-generaldirektor\/#breadcrumb\"},\"inLanguage\":\"de\",\"potentialAction\":[{\"@type\":\"ReadAction\",\"target\":[\"https:\/\/sarimet.com\/de\/nachricht-vom-generaldirektor\/\"]}]},{\"@type\":\"BreadcrumbList\",\"@id\":\"https:\/\/sarimet.com\/de\/nachricht-vom-generaldirektor\/#breadcrumb\",\"itemListElement\":[{\"@type\":\"ListItem\",\"position\":1,\"name\":\"Nachricht vom Generaldirektor\"}]},{\"@type\":\"WebSite\",\"@id\":\"https:\/\/sarimet.com\/de\/#website\",\"url\":\"https:\/\/sarimet.com\/de\/\",\"name\":\"Sar\u0131met\",\"description\":\"\",\"potentialAction\":[{\"@type\":\"SearchAction\",\"target\":{\"@type\":\"EntryPoint\",\"urlTemplate\":\"https:\/\/sarimet.com\/de\/?s={search_term_string}\"},\"query-input\":\"required name=search_term_string\"}],\"inLanguage\":\"de\"}]}<\/script>\n<!-- \/ Yoast SEO plugin. -->","yoast_head_json":{"title":"Nachricht vom Generaldirektor | Sar\u0131met","robots":{"index":"index","follow":"follow","max-snippet":"max-snippet:-1","max-image-preview":"max-image-preview:large","max-video-preview":"max-video-preview:-1"},"canonical":"https:\/\/sarimet.com\/de\/nachricht-vom-generaldirektor\/","og_locale":"de_DE","og_type":"article","og_title":"Nachricht vom Generaldirektor | Sar\u0131met","og_url":"https:\/\/sarimet.com\/de\/nachricht-vom-generaldirektor\/","og_site_name":"Sar\u0131met","article_modified_time":"2022-10-04T09:59:54+00:00","twitter_card":"summary_large_image","twitter_misc":{"Gesch\u00e4tzte Lesezeit":"2\u00a0Minuten"},"schema":{"@context":"https:\/\/schema.org","@graph":[{"@type":"WebPage","@id":"https:\/\/sarimet.com\/de\/nachricht-vom-generaldirektor\/","url":"https:\/\/sarimet.com\/de\/nachricht-vom-generaldirektor\/","name":"Nachricht vom Generaldirektor | Sar\u0131met","isPartOf":{"@id":"https:\/\/sarimet.com\/de\/#website"},"datePublished":"2022-06-28T08:48:23+00:00","dateModified":"2022-10-04T09:59:54+00:00","breadcrumb":{"@id":"https:\/\/sarimet.com\/de\/nachricht-vom-generaldirektor\/#breadcrumb"},"inLanguage":"de","potentialAction":[{"@type":"ReadAction","target":["https:\/\/sarimet.com\/de\/nachricht-vom-generaldirektor\/"]}]},{"@type":"BreadcrumbList","@id":"https:\/\/sarimet.com\/de\/nachricht-vom-generaldirektor\/#breadcrumb","itemListElement":[{"@type":"ListItem","position":1,"name":"Nachricht vom Generaldirektor"}]},{"@type":"WebSite","@id":"https:\/\/sarimet.com\/de\/#website","url":"https:\/\/sarimet.com\/de\/","name":"Sar\u0131met","description":"","potentialAction":[{"@type":"SearchAction","target":{"@type":"EntryPoint","urlTemplate":"https:\/\/sarimet.com\/de\/?s={search_term_string}"},"query-input":"required name=search_term_string"}],"inLanguage":"de"}]}},"_links":{"self":[{"href":"https:\/\/sarimet.com\/de\/wp-json\/wp\/v2\/pages\/9669","targetHints":{"allow":["GET"]}}],"collection":[{"href":"https:\/\/sarimet.com\/de\/wp-json\/wp\/v2\/pages"}],"about":[{"href":"https:\/\/sarimet.com\/de\/wp-json\/wp\/v2\/types\/page"}],"author":[{"embeddable":true,"href":"https:\/\/sarimet.com\/de\/wp-json\/wp\/v2\/users\/1"}],"replies":[{"embeddable":true,"href":"https:\/\/sarimet.com\/de\/wp-json\/wp\/v2\/comments?post=9669"}],"version-history":[{"count":21,"href":"https:\/\/sarimet.com\/de\/wp-json\/wp\/v2\/pages\/9669\/revisions"}],"predecessor-version":[{"id":10164,"href":"https:\/\/sarimet.com\/de\/wp-json\/wp\/v2\/pages\/9669\/revisions\/10164"}],"wp:attachment":[{"href":"https:\/\/sarimet.com\/de\/wp-json\/wp\/v2\/media?parent=9669"}],"curies":[{"name":"wp","href":"https:\/\/api.w.org\/{rel}","templated":true}]}}

<section class="l-section wpb_row height_small"><div class="l-section-h i-cf"><div class="g-cols vc_row via_grid cols_1 laptops-cols_inherit tablets-cols_inherit mobiles-cols_1 valign_top type_default stacking_default"><div class="wpb_column vc_column_container"><div class="vc_column-inner"><div class="g-cols wpb_row via_grid cols_1-3 laptops-cols_inherit tablets-cols_inherit mobiles-cols_1 valign_top type_default stacking_default"><div class="wpb_column vc_column_container"><div class="vc_column-inner"><div class="w-image style_shadow-1 align_none"><div class="w-image-h"><img loading="lazy" decoding="async" width="1707" height="2560" src="https://sarimet.com/de/wp-content/uploads/2022/07/genel-mudur-scaled.jpg" class="attachment-full size-full" alt="" srcset="https://sarimet.com/de/wp-content/uploads/2022/07/genel-mudur-scaled.jpg 1707w, https://sarimet.com/de/wp-content/uploads/2022/07/genel-mudur-200x300.jpg 200w, https://sarimet.com/de/wp-content/uploads/2022/07/genel-mudur-683x1024.jpg 683w, https://sarimet.com/de/wp-content/uploads/2022/07/genel-mudur-1024x1536.jpg 1024w" sizes="auto, (max-width: 1707px) 100vw, 1707px" /></div></div></div></div><div class="wpb_column vc_column_container"><div class="vc_column-inner"><div class="wpb_text_column us_custom_a518f36e us_animate_this"><div class="wpb_wrapper"><p>Liebe Geschäftspartner, liebe Freunde und Mitarbeiter,</p>
<p>Wie Sie wissen, feiern wir als Familie Sarımet dieses Jahr unser 25-jähriges Bestehen. Wenn ich mit einem Wort den Grund für den Erfolg, den wir in diesen 25 Jahren die wir hinter uns lassen erzielt haben, erklären müsste, wäre das Wort definitiv „Qualität“. Unser Qualitätsverständnis, das wir nicht nur unter „Produktqualität“ verstehen, bildet die starke Basis der langjährigen Zusammenarbeit mit unseren Kunden, Lieferanten und Mitarbeitern.</p>
<p>Im Bewusstsein, dass Erfolg mit einem kollektiven Sinn für Mehrwert erreicht werden kann, setzen wir uns sehr anspruchsvolle Ziele, die Innovation und Kundenzufriedenheit in den Mittelpunkt stellen. Von Zeit zu Zeit können Engpässe auf globaler Ebene unsere Ziele an einen Punkt bringen, der noch schwieriger zu erreichen ist. Ich bin mir jedoch bewusst, dass wir diese Schwierigkeiten gemeinsam mit Inteligenz und Vernuft überwinden können, egal welchen Schwierigkeiten wir gegenüberstehen.</p>
<p>Ich glaube, dass diese herausfordernden Ziele, die wir uns gesetzt haben, ermöglichen das Wachsen, sowohl für Sarımet als auch für unser Land , und schaffen auch Zufriedenheit für unsere Geschäftspartner.</p>
<p>Ich bin fest davon überzeugt, dass wir auf diesem Weg, den wir fortsetzen werden, indem wir unsere Gründung Grundsätze und etische Werte nicht aufgeben, fortschrittliche Technologielösungen im Einklang mit Digitalisierungstrends verfolgen, unser Wissen und unsere Erfahrung miteinander austauschen und unsere Entwicklungsdynamik gemeinsam mit allen unseren Konsorten stärken werden.</p>
<p>Was uns die Zukunft zeigen wird ist vielleicht nicht klar. Aber was mir sicher ist, dass jeder von uns einer der Helden dieser Erfolgsgeschichte sein wird, auf die wir in der Zukunft stolz sein werden, indem wir viel aufmerksamer und aufopferungsvoller zusammenarbeiten.</p>
<p>Ich biete Ihnen allen meinen Respekt, meine Grüße und meine Liebe.</p>
<p style="text-align: right;"><strong>B.Barış Sarı</strong><br />
<strong>Generaldirektor</strong></p>
</div></div></div></div></div></div></div></div></div></section>

Liebe Geschäftspartner, liebe Freunde und Mitarbeiter, Wie Sie wissen, feiern wir als Familie Sarımet dieses Jahr unser 25-jähriges Bestehen. Wenn ich mit einem Wort den Grund für den Erfolg, den wir in diesen 25 Jahren die wir hinter uns lassen erzielt haben, erklären müsste, wäre das Wort definitiv „Qualität“. Unser Qualitätsverständnis, das wir nicht nur...

<!-- This site is optimized with the Yoast SEO plugin v19.7.2 - https://yoast.com/wordpress/plugins/seo/ -->
<title>Nachricht vom Generaldirektor | Sarımet</title>
<meta name="robots" content="index, follow, max-snippet:-1, max-image-preview:large, max-video-preview:-1" />
<link rel="canonical" href="https://sarimet.com/de/nachricht-vom-generaldirektor/" />
<meta property="og:locale" content="de_DE" />
<meta property="og:type" content="article" />
<meta property="og:title" content="Nachricht vom Generaldirektor | Sarımet" />
<meta property="og:url" content="https://sarimet.com/de/nachricht-vom-generaldirektor/" />
<meta property="og:site_name" content="Sarımet" />
<meta property="article:modified_time" content="2022-10-04T09:59:54+00:00" />
<meta name="twitter:card" content="summary_large_image" />
<meta name="twitter:label1" content="Geschätzte Lesezeit" />
	<meta name="twitter:data1" content="2 Minuten" />
<script type="application/ld+json" class="yoast-schema-graph">{"@context":"https://schema.org","@graph":[{"@type":"WebPage","@id":"https://sarimet.com/de/nachricht-vom-generaldirektor/","url":"https://sarimet.com/de/nachricht-vom-generaldirektor/","name":"Nachricht vom Generaldirektor | Sarımet","isPartOf":{"@id":"https://sarimet.com/de/#website"},"datePublished":"2022-06-28T08:48:23+00:00","dateModified":"2022-10-04T09:59:54+00:00","breadcrumb":{"@id":"https://sarimet.com/de/nachricht-vom-generaldirektor/#breadcrumb"},"inLanguage":"de","potentialAction":[{"@type":"ReadAction","target":["https://sarimet.com/de/nachricht-vom-generaldirektor/"]}]},{"@type":"BreadcrumbList","@id":"https://sarimet.com/de/nachricht-vom-generaldirektor/#breadcrumb","itemListElement":[{"@type":"ListItem","position":1,"name":"Nachricht vom Generaldirektor"}]},{"@type":"WebSite","@id":"https://sarimet.com/de/#website","url":"https://sarimet.com/de/","name":"Sarımet","description":"","potentialAction":[{"@type":"SearchAction","target":{"@type":"EntryPoint","urlTemplate":"https://sarimet.com/de/?s={search_term_string}"},"query-input":"required name=search_term_string"}],"inLanguage":"de"}]}</script>
<!-- / Yoast SEO plugin. -->

Nachricht vom Generaldirektor | Sarımet

Sarımet
